)/(-10)). Let w(j) = -j + 5. Calculate w(p).
7
Let l(f) = -f**3 + 15*f**2 - 53*f - 1. Let u = 36918 + -36912. Give l(u).
5
Let j(p) be the second derivative of p**4/12 - 7*p**3/6 + 6*p**2 + 106*p - 2. Determine j(5).
2
Let m(d) be the first derivative of d**2 + 16*d - 1718. Give m(2).
20
Let f(a) = -a + 3. Suppose 13*u + 146 = 627. Suppose 0 = u*m - 47*m + 50. Calculate f(m).
-2
Let w = -11 + 15. Suppose -4 = -5*t + t, 3*c = -w*t - 11. Let f(n) = 8*n - 102. Let v(r) = 7*r - 91. Let z(l) = -8*f(l) + 9*v(l). Calculate z(c).
2
Let z(i) = 0*i + i**2 - 3*i**2 - 4*i - 15*i**2 - 1 + 6*i**2. What is z(1)?
-16
Let z(c) = c + 16. Let l(p) = -64*p - 181. Let b be l(-6). Let y = b + -220. Calculate z(y).
-1
Suppose 83*x - 467 = 1359. Let k(p) = -p**2 + 24*p - 24. Determine k(x).
20
Suppose -63*g = -68*g + 15. Suppose -2*w + 3*y - 5 = 0, 2*w + g*y + 34 = -1. Let r(b) = b + 10. What is r(w)?
0
Let l(h) = -12*h - 7. Suppose 2*x - 8 = 4*t, -t + 30 = -x + 29. Determine l(t).
53
Let o = 8378 - 8381. Let r(t) = t**2 + 12*t + 28. Calculate r(o).
1
Let o(k) = -21*k**3 - k**2 - k + 1. Suppose 24 = 2*l + 3*g, 0 = -2*g - 2 - 2. Suppose l*y - 4*y - 11 = 0. Give o(y).
-22
Let s(h) = -2*h - 9. Suppose 0 = b - 3*d - 4, -2*b - 4*d - 90 + 58 = 0. Calculate s(b).
7
Let v(n) = -n**3 + 6*n**2 + n - 2. Let i be (-22)/(-2) + -8*(-2)/(-2). What is v(i)?
28
Suppose -991 = 5*q + 4*c, 0 = 4*c + 5 + 11. Let i = 190 + q. Let k(w) = 2*w**2 + 5*w + 4. What is k(i)?
29
Suppose -4*z + 2*a + 778 = 0, -2*a + 178 = 2*z - 214. Let f = z + -192. Let y(m) = -m**3 + 4*m**2 + 3*m - 2. Give y(f).
16
Let f(a) = -6*a - 1. Let r(z) = 7*z. Suppose -l + 3*l = -10. Let q(u) = u**3 - 7*u**2 + 12*u - 10. Let k be q(2). Let b(j) = k*f(j) + l*r(j). Determine b(6).
12
Let g = 163 + -155. Let f be ((-2)/g)/((-7)/56). Let l(j) = -4*j + 2. Give l(f).
-6
Let c(g) be the first derivative of -g**4/12 - 17*g**3/6 - 7*g**2/2 + 199*g - 175. Let t(l) be the first derivative of c(l). Give t(-16).
9
Let v(y) = -y**2 - y. Suppose 5*h - 2*h = 48. Let b = h + -10. Let o be (22/b - 3)*-6. Determine v(o).
-12
Let u(r) = 6*r + 86. Let j = -5 + -9. Let i be u(j). Let v(w) = -w**2 - w + 2. Determine v(i).
-4
Let o(h) = -24*h - 2*h**2 - 25*h + 45*h - 2. Let x be (1 - 4) + 1/2*2. What is o(x)?
-2
Let t(s) = s. Let v be -1 + 4 + 1*3. Let u be (2/(12/27))/(v/16). Suppose -3*z + u = -9*z. Give t(z).
-2
Let l be (8/6)/(2/12). Let h(z) be the second derivative of -z**5/20 + 7*z**4/12 + 3*z**3/2 + 7*z**2/2 + z + 4475. What is h(l)?
15
Let k = -8441 - -8438. Let w(b) = 3*b**3 + b**2 - 5*b - 8. Determine w(k).
-65
Let j(f) = 9 - f**2 + 83112*f - f**2 - 83100*f. Determine j(8).
-23
Let f(t) be the first derivative of -3/2*t**4 + t + 46 + 0*t**2 - 1/3*t**3. Determine f(1).
-6
Let s(i) = 37*i + 52. Let f(d) = 18*d + 25. Let h(q) = 13*f(q) - 6*s(q). Let x(g) = -10*g - 13. Let t(w) = -6*h(w) - 7*x(w). Calculate t(11).
-9
Let l(n) be the second derivative of -n**5/20 + n**4/3 - n**3/3 - 5*n**2/2 - 2*n - 889. What is l(3)?
-2
Let x(u) = u**3 - u**2 - 4. Suppose 5*f - 7 = 4*p, -5*p - 4*f = -3*p - 16. Suppose -g + l + 3 = 0, -4*g + p*l = -3*g - 6. What is x(g)?
-4
Let u(s) = s**3 + 5*s**2 - 6*s - 4. Suppose f - 67 - 11 = 0. Suppose -18 = 16*h + f. Give u(h).
-4
Let o = -4124 - -4098. Let m(b) = b**2 + 30*b + 109. Determine m(o).
5
Let m(g) = 2*g + 30. Let y be m(-15). Let k(z) be the first derivative of 2 - 1/2*z**2 + 8*z. Give k(y).
8
Suppose -j = -2*v - 3062, 5*j - 7*v - 15297 = -10*v. Let f(d) = 5 + d**2 + j*d - 3053*d + 3. Let u be f(-6). Let i(x) = 10*x - 2. Determine i(u).
18
Suppose 3*w - 5*k - 26 = -9*k, 0 = -5*w + 2*k. Let o(y) = -1 + 9 - 7*y**w - 16 + 7 - 2*y. Let r be (2/(-4))/((-2)/(-4)). What is o(r)?
-6
Suppose -2*c = -2*h + 2, -2*h + 3*h = 5. Let j be 40/(-180) + 280/45. Suppose j*t - 4*t = -c. Let f(r) = 3*r**2 + 4*r + 2. Calculate f(t).
6
Let d(y) = 4*y**2 - 3*y + 3. Let c(n) = -n**3 + 7*n**2 - 13*n + 16. Let o be c(5). Let g be d(o). Let v(b) = b**3 - 3*b**2 - 2*b + 3. Give v(g).
11
Let p(c) be the second derivative of -c - 2/3*c**3 + 2*c**2 + 1/12*c**4 + 0. Suppose -26*q = -24 - 54. What is p(q)?
1
Let h(d) be the second derivative of -1/2*d**3 + 1/2*d**2 - d - 1/3*d**4 - 1/20*d**5 + 0. Let j be (-2)/(225/6 + -37). Give h(j).
13
Let s(c) = -4*c - 4. Let o(q) = q + 10. Let y(l) = 2*o(l) + s(l). What is y(3)?
10
Let m(g) be the first derivative of 19*g**4/6 + g**3/3 + g**2/2 + 16*g + 135. Let c(w) be the first derivative of m(w). What is c(-1)?
37
Let l(v) = -15978*v**2 - 52*v + 15970*v**2 + 3*v**3 + 0*v**3 + v**3 + 24 - 3*v**3. Calculate l(12).
-24
Let r(l) be the second derivative of -l**5/20 - l**4/4 - l**3/2 + 4*l. Let p = 353 + -355. Let j be r(p). Let t(i) = -6*i + 3. Determine t(j).
-9
Let f(d) be the third derivative of d**4/8 + 3*d**3 + 1955*d**2. Calculate f(-9).
-9
Let l(p) = 13*p**3 - 55*p**2 + 38*p - 5. Let a(b) = -16*b**3 + 58*b**2 - 37*b + 4. Let r(d) = -4*a(d) - 5*l(d). Calculate r(42).
9
Let q(x) be the second derivative of 18*x**5/5 - x**4/6 + x**2/2 + 39*x + 6. Determine q(-1).
-73
Let s(a) = a + 2. Suppose 4*r - 12 + 0 = 0. Let j(f) = -20*f + 6. Let d(h) = -33*h + 11. Let i(k) = -3*d(k) + 5*j(k). Let o(m) = r*s(m) + 2*i(m). Give o(-7).
-7
Let z(u) = 5*u + 7*u**2 - 7 + u + u**2 + 4495*u**3 - 8*u - 4494*u**3. Calculate z(-7).
56
Suppose 33 - 42 = 10*q + 41. Let r(m) = -6*m - 48. Determine r(q).
-18
Let v(p) = 2*p**2 - 2*p - 1. Suppose -14 = -2*h - 5*b + 11, b = -4*h + 5. Suppose 54*r - 51*r - 9 = h. Determine v(r).
11
Let u = -2896 - -2912. Let v(s) = -s**3 + 17*s**2 - 12*s + 2. Give v(u).
66
Suppose -57*k = -4 + 23 + 38. Let t(m) = 88*m - 1. Calculate t(k).
-89
Let f(t) be the third derivative of 1/120*t**6 + 0*t**3 + 2*t + 0 + 1/24*t**4 - 1/60*t**5 - 60*t**2. What is f(2)?
6
Let d(r) = -r - 32 + 42 + 3*r. Let n be d(-5). Let g(k) = 0 + k + 0. Determine g(n).
0
Suppose -39 = -4*s + 3*l, s - 27 = -5*l - 0*l. Suppose 5*w = 17 - 2. Let k(f) = 13 + s*f**w + 2*f**2 + 0*f**2 - 2*f - 3*f**2 - 14. Calculate k(-1).
-12
Let b(r) = -r**2 - 7*r - 8. Let a be b(-5). Suppose z - 4 = -a. Let y(u) be the first derivative of u**2/2 - 2*u - 4. Determine y(z).
0
Suppose 4*c + 24 = 0, -349*c + 350*c = 2*b - 42. Let t(o) = 2*o + 18. What is t(b)?
54
Let b(d) = 34*d + 762094 + 35*d - 761952. What is b(-2)?
4
Let n(w) be the third derivative of w**5/20 + w**4/24 - 4*w**3/3 - 4104*w**2. Calculate n(2).
6
Let x be 8 - 114/24 - (-1)/(-4). Let o(p) = -p - 3 - 1719*p**3 - 2*p - p**2 + 1720*p**x. Give o(-2).
-9
Let l(b) = 123 - 66 - 54 - 7*b - b. Calculate l(7).
-53
Let s(l) = -5*l**3 + 243*l**2 - 17*l - 161. Let k(c) = 4*c**3 - 182*c**2 + 13*c + 121. Let w(x) = 13*k(x) + 10*s(x). Determine w(-32).
-5
Let a(d) = 9*d**2 + 9*d + 5. Let g(c) = -11*c**2 - 11*c - 5. Let v(y) = -2*y + 15. Let p be v(5). Let z(h) = p*a(h) + 4*g(h). Determine z(0).
5
Let y(g) = -94*g + 17. Let u(q) = 14*q - 3. Let r(k) = -27*u(k) - 4*y(k). Let t = 29 + -20. Give r(t).
-5
Let x(y) = -12*y + 33. Suppose -28 = 2*m - 0*m + 5*w, 2*w = -8. Let z(j) = -5*j + 16. Let r(s) = m*x(s) + 9*z(s). What is r(-10)?
-18
Let g be 209/77 + 4/14. Let q(u) = 7*u - 129 + 132 - g*u. Determine q(-5).
-17
Let a(w) be the second derivative of 5*w**3/6 - 3*w**2/2 + 8553*w + 8. Suppose j = -5 + 7. Determine a(j).
7
Let b = -176 - -189. Let d(c) = -3*c + b*c**2 - 12*c**2 + 21 - 22. Determine d(4).
3
Let k(a) be the first derivative of -a**3/3 - 5*a**2/2 + 7*a + 389. Let u be (-3 - -1)/((-14)/(-49)). Give k(u).
-7
Let g(l) = l**3 - 67*l**2 - 520*l + 154. Let k be g(74). Let i(a) = -5*a - 11. Give i(k).
-41
Let s(a) = -11 + 9*a + 16 + 0*a + a**3 - 5*a**2 - 1 - 15. Calculate s(5).
34
Let q(h) = -1 - 2*h + 1 - 1 + 2*h**2. Suppose o - l - 29 = 2*l, 2*o - 3*l = 58. Suppose 14 = -5*y + o. Determine q(y).
11
Suppose 154*x = 151*x + 21. Suppose -10*z = x*z + 17. Let o(u) = -u - 1. Determine o(z).
0
Let n(l) = -1413*l**2 - 6 - 1409*l**2 + 19*l + 2821*l**2 - 3*l. What is n(9)?
57
Let p(i) = 1191*i + 132. Let j be p(33). Let l(g) = -39435*g + j*g + 3 - g**2. Let k be 1*3*(-1 - 0). Give l(k).
-6
Let z = -451 - -462. Let r(f) = 3*f - 9. Calculate r(z).
24
Let o(h) = -h**3 - 6*h**2 + 1. Suppose 31 + 32 = -y. Let r be y/7*(-1)/(-1). Let i be -9 + (-4)/12*r. What is o(i)?
1
Let g be (5*10/25)/(51/102). L